w.
25
Let d(y) = -y**3 + 13*y**2 - 11*y - 10. Let w be d(12). Let u be (2 + -6)*2/(-4). What is the greatest common divisor of w and u?
2
Suppose 13 = 3*a - 35. Let j be -4*3/(-6)*1. Let p be (96/(-20))/(j/(-60)). Calculate the highest common divisor of a and p.
16
Let o(d) = 30*d**2 + 6*d + 3. Let h be o(-3). Calculate the greatest common factor of h and 15.
15
Let d(j) = -j - 5. Let y be d(-3). Let h = y - -35. Calculate the greatest common divisor of h and 3.
3
Let l = 5 - 8. Suppose -20 - 20 = -4*i. Let k = i + l. Calculate the greatest common factor of k and 77.
7
Let a = 26 - -13. Calculate the highest common divisor of 26 and a.
13
Let y(d) = 2*d**2 - 5*d + 3. Let u be y(3). Suppose -6 - u = -w. Calculate the highest common divisor of w and 12.
12
Let g(x) = 2*x + 24. Let k be g(0). Suppose h - k = -h. Calculate the highest common factor of 36 and h.
12
Let w(r) = r**2 + 4*r. Let b be w(-4). Let a = 10 - b. Suppose -3*u + a + 2 = 0. Calculate the greatest common factor of u and 16.
4
Let k(z) = -6*z + 3 + 0 - 9. Let g be k(-9). Suppose -i = -5*i + g. What is the highest common factor of i and 12?
12
Let u = -129 + 71. Let t be -2 - u*15/6. What is the highest common divisor of 13 and t?
13
Suppose -5*a + 75 = -3*h, -3*a - 3*h - 63 = -7*a. Let b be ((-96)/9)/((-2)/a). Let c be 8 + 1/(-1) + 1. What is the highest common divisor of c and b?
8
Let m be 16*(0 + 4 + -2). What is the highest common divisor of m and 4?
4
Let p(a) be the third derivative of -a**6/120 + a**5/10 + a**4/12 - a**3 - 3*a**2. Let n be p(6). What is the highest common factor of 48 and n?
6
Let u be 8/12 + (-278)/(-6). Suppose 2*z - 3*z = -103. Let a = z - u. Calculate the greatest common divisor of a and 8.
8
Let u = 3 + 1. Calculate the greatest common factor of 6 and u.
2
Suppose -2*r - 1 = 1. Let n be (r - -2) + (-8)/(-2). What is the greatest common factor of n and 30?
5
Let i be (0 + 2)/2 + 0. Let h be 3*(-3 - (-6 + 2)). Suppose 5*g - h = 7. What is the greatest common factor of g and i?
1
Suppose -j = 2*j + 4*x - 84, -4*x - 84 = -4*j. Suppose -i = 3*i - 32. What is the greatest common divisor of i and j?
8
Suppose 3*a + 16 = o, -5*a + 5*o + 9 - 39 = 0. Let x(j) = j**2 + 4*j - 1. Let r be x(a). Calculate the greatest common divisor of r and 4.
4
Let i be (-8)/(-2) + -2 + 2. Suppose i*m - 200 = -2*r, 0*r = 5*m - 5*r - 220. Suppose 0 = b + b - m. Calculate the highest common factor of b and 3.
3
Let m(o) = 4*o - 7. Suppose 0 = 2*a - 6*a + 24. Let x be m(a). Calculate the highest common factor of 187 and x.
17
Suppose 2*z = -5*d + 19, -z + 6*z = 4*d - 2. What is the highest common divisor of z and 18?
2
Suppose 5*p - 4*m - 37 = 0, 26 = -0*p + 4*p - 2*m. What is the highest common factor of p and 55?
5
Suppose 14 = 2*y - 4*b, y - 4*b + 0*b = 7. Let l = y - 2. What is the greatest common divisor of l and 15?
5
Suppose 0*r + 120 = 3*r. Let l be 1 - 2 - -9 - -2. Calculate the highest common divisor of r and l.
10
Let x = 5 + -14. Let z be (-4 - x)*4/10. Calculate the greatest common factor of 2 and z.
2
Let y = 16 - -2. Let f = 35 + -8. What is the highest common factor of f and y?
9
Let u = 23 - 14. Let l(j) = -99*j. Let k be l(-1). Calculate the greatest common factor of u and k.
9
Suppose -20 = -7*a + 2*a. Suppose 3*w - a*w + 1 = 0. What is the highest common factor of w and 1?
1
Suppose 0 = -2*n - s + 15, 2*n + 2*s = 4*s + 18. Suppose 0 = -z + 2*h + 6, -4*z + n + 26 = 2*h. What is the greatest common divisor of z and 4?
4
Let j(n) = 3*n. Let h be 1/((5/4)/5). Let i = 5 - h. Let z be j(i). Calculate the highest common factor of 3 and z.
3
Let b = -26 + 30. What is the greatest common divisor of b and 6?
2
Let r be 319 - (1 + 1 + -1). Let n = -174 + r. Calculate the greatest common factor of 16 and n.
16
Let a(m) = -m**2 - 7*m - 2. Let o be a(-6). Suppose -x = -2*x + o. What is the greatest common divisor of 44 and x?
4
Let u(p) = p**3 - 6*p**2 + 7*p + 1. Let k be u(5). What is the highest common factor of 44 and k?
11
Suppose 3*o - 12 = 0, -3*h - 21 = -4*h - 3*o. Calculate the greatest common factor of h and 27.
9
Let h(z) be the first derivative of z**4/4 - 10*z**3/3 + 5*z + 3. Let l be h(10). Suppose 0*y - 45 = -l*y. Calculate the greatest common divisor of y and 36.
9
Suppose 2*h = h + 1. Suppose i = -0*i + 4*d + h, -i = -d - 16. Let g be 1/(2 - (-5)/(-3)). Calculate the greatest common divisor of i and g.
3
Let f(a) = a**2 - 14*a + 3. Let o be f(13). Let r(n) = -12*n - 12. Let y be r(o). What is the greatest common factor of y and 12?
12
Let q be (-1)/(-1) + (-40)/(-2). Calculate the highest common divisor of q and 147.
21
Let i be (-10 + 4)/(3/2) - -31. What is the greatest common factor of i and 189?
27
Let s(t) = 3*t - 37. Let q be s(14). What is the highest common factor of 10 and q?
5
Suppose -6*j + 2*j + 8 = 0. Calculate the highest common divisor of j and 2.
2
Let l(x) = -x**3 - x**2 + x + 1. Let b be l(-1). Suppose 130 = 2*d - 5*q, -5*d - q + 312 + 40 = b. What is the greatest common divisor of d and 28?
14
Suppose 3*g + 3*b - 55 = 2*g, -g = b - 53. Calculate the greatest common divisor of 26 and g.
26
Let s(y) = y**2 - 5*y + 7. Let r be s(5). Suppose 3*m - 5 - r = 0. Suppose 0 = -4*p + 20, 4*u - 5*u + m = -2*p. Calculate the highest common divisor of u and 7.
7
Let v be 2 - (1 + -1) - (-7 - 3). Calculate the highest common divisor of v and 18.
6
Suppose 0 = 28*i - 14*i - 434. Calculate the highest common divisor of i and 248.
31
Let z(p) = -p - 14. Let i be z(-8). Let a be -20*1/(3/i). Let s = 8 + a. Calculate the greatest common factor of 6 and s.
6
Let w be (-12)/10*25/(-2). Suppose 4*m - w = m. Calculate the greatest common factor of 25 and m.
5
Suppose p = 3*p. Suppose l + l - 12 = p. Suppose -2*h + 31 = -5. Calculate the highest common factor of l and h.
6
Suppose 4*c = 5*g + 60, -g = 3*c + 2*g - 45. Let q = 6 - 0. Calculate the highest common factor of q and c.
3
Suppose -11 - 1 = -2*v + 4*r, 3*v + 2*r = 2. Suppose v*n - 3*w - 42 = w, 3*n - 41 = -5*w. What is the greatest common divisor of n and 68?
17
Suppose -4*n + 12 = -5*t, -5*n = -5*t - 16 + 6. Let i = n - -3. Let s be ((-8)/(-12))/(i/57). Calculate the greatest common factor of s and 19.
19
Let x = -5 + 26. What is the greatest common divisor of 168 and x?
21
Let c(u) = -u - 8. Let n(s) = 1. Let t(w) = -c(w) + 3*n(w). Let a be t(-9). Calculate the greatest common divisor of a and 3.
1
Let q = -92 + 105. What is the greatest common divisor of q and 91?
13
Let k = 66 + -22. Calculate the highest common divisor of k and 11.
11
Suppose -5*l + 211 = -m, -3*l + 76 = -2*m - 52. Let p = 12 - 6. What is the greatest common factor of p and l?
6
Let l(o) = -o**2 + 3*o + 5. Let s be l(3). Let j be (-1)/(1*2/(-110)). Calculate the greatest common divisor of s and j.
5
Suppose -34 = -3*r + 2*r. Suppose 7 = 2*l - 3. Suppose 5*f = 3*w + 2*w + 255, -l*f = 5*w - 255. Calculate the greatest common divisor of r and f.
17
Suppose 5*d - 41 = r, -3*d + r + 3*r + 11 = 0. Calculate the greatest common divisor of 18 and d.
9
Let h(b) = -7*b + 1. Let v(q) = 5 + 0 - 20*q - 3. Let t(f) = -14*h(f) + 5*v(f). Let w be t(-10). Calculate the highest common factor of 64 and w.
16
Suppose -j - u = -7, 4*u - 13 - 11 = -2*j. Suppose j*p = -3*p + 45. What is the highest common divisor of p and 99?
9
Suppose 0 = 12*y - 5*y - 315. What is the highest common divisor of y and 15?
15
Let x(j) = j**3 - j**2 - j + 3. Let v(d) = -d**2 - 6*d - 5. Let b be v(-5). Let y be x(b). What is the highest common factor of y and 1?
1
Suppose 0 = -4*r + 2*r + 1760. Let v be 6/4*r/15. Calculate the greatest common divisor of 11 and v.
11
Let a(h) = h**3 - 2*h**2 - 2*h - 2. Let v be a(3). Let f be 96 + (-1 - v)*-1. What is the greatest common divisor of f and 14?
14
Let t(x) = -x**3 + 3*x**2 - 3*x - 3. Let m be t(3). Let i(w) = w**2 + 11*w - 2. Let o be i(m). Calculate the greatest common factor of 5 and o.
5
Suppose -25 = -5*b - 5*x, -3*x = -3*b + x - 6. Let j be (-4)/(-10) - (-73)/5. Suppose -a = 4*a - j. What is the greatest common factor of b and a?
1
Let u = 4 - 2. Let c be 6 + 2/(u + -1). Suppose -4*o + 12 = 3*p, -2*o - 2*o - 12 = -3*p. What is the highest common divisor of p and c?
4
Let c = 12 + -2. Suppose 2*d + 27 = -5*u, -2*d - 5 = 3*d. 